e 10) to base 9.
-48754
Convert d939e (base 15) to base 4.
2220102230
Convert -2c98b3 (base 13) to base 10.
-1106589
What is -98165 (base 11) in base 16?
-22d11
-3978c (base 14) to base 9
-235015
66831e (base 16) to base 9
13568618
-1164564 (base 7) to base 12
-73139
360810 (base 10) to base 15
71d90
Convert -112132320 (base 4) to base 15.
-1c443
What is -4204333 (base 8) in base 14?
-210bb5
Convert 16156543 (base 8) to base 11.
2115a11
-100102011000120 (base 3) to base 15
-68c2e3
-30313130 (base 4) to base 6
-1043552
What is -7504276 (base 9) in base 6?
-222044023
What is -116401534 (base 7) in base 10?
-7362079
-1c264 (base 16) to base 5
-12142200
What is -94018 (base 12) in base 16?
-2f414
-1110210220 (base 3) to base 15
-88ec
What is 240131023 (base 5) in base 8?
4142210
45542201 (base 6) to base 8
5251531
-4010424 (base 5) to base 4
-33130013
-1667462 (base 8) to base 9
-822303
What is -330201313003 (base 4) in base 6?
-1324031511
Convert -4024304334 (base 5) to base 13.
-1887124
What is -163162 (base 8) in base 5?
-3341434
1000100011010011011 (base 2) to base 15
58064
Convert 1200220030 (base 4) to base 6.
12252204
What is 221031032 (base 4) in base 14?
4571c
What is 2220212111 (base 4) in base 8?
2504625
What is 165b6 (base 15) in base 16?
119eb
What is 101010110001011010100 (base 2) in base 13?
3a0c30
What is 1137467 (base 11) in base 12?
7b9661
Convert 770371 (base 10) to base 9.
1403667
Convert -102203231 (base 5) to base 6.
-13104034
What is -22b61 (base 12) in base 2?
-1011010111111001
What is -13233013113 (base 4) in base 14?
-3ab0c7
What is -de4c4d (base 15) in base 12?
-367056a
210000221220 (base 3) to base 13
1165c5
6a5435 (base 12) to base 15
23b83e
12113001033 (base 4) to base 16
19704f
What is 601224 (base 7) in base 16?
18bb5
Convert 11101011101111 (base 2) to base 5.
440322
155a002 (base 12) to base 9
8161532
What is -1b8a2 (base 16) in base 13?
-3c461
What is 12012110002 (base 3) in base 10?
102386
What is -1402b (base 13) in base 15?
-b126
What is -10512305 (base 7) in base 12?
-37b115
100001010000010110 (base 2) to base 8
412026
What is -3c5e5 (base 16) in base 12?
-bb119
What is 132322203 (base 4) in base 13?
45837
-15b247 (base 12) to base 6
-11545331
-261ba1 (base 12) to base 5
-130004023
What is 10302323 (base 4) in base 15?
5c48
What is -371417 (base 10) in base 2?
-1011010101011011001
3d748 (base 16) to base 6
5221212
What is 61a59 (base 13) in base 2?
101010110011011111
-4c0ec (base 15) to base 10
-243222
What is 1c8193 (base 16) in base 9?
3456584
324361 (base 9) to base 7
1434043
-107c924 (base 13) to base 11
-29426a8
Convert 11445251 (base 6) to base 2.
1011000111000011111
Convert -1531312 (base 6) to base 8.
-257234
Convert 244222331 (base 5) to base 4.
10130030323
-21776537 (base 9) to base 16
-a127b6
-243ad (base 16) to base 3
-21112120012
What is -6a1c23 (base 14) in base 13?
-997ca8
What is -90181 (base 13) in base 15?
-5139d
What is -12322330 (base 5) in base 2?
-11101011000010100
Convert 1000223 (base 9) to base 8.
2016250
-1111332102 (base 4) to base 14
-92494
What is -110010110110111110111011 (base 2) in base 10?
-13332411
Convert -522657 (base 10) to base 16.
-7f9a1
What is 212002 (base 3) in base 13?
38c
What is 58047 (base 9) in base 2?
1001011100011000
-170b51 (base 12) to base 8
-1404555
What is 2315335 (base 6) in base 5?
12303042
Convert -41f59 (base 16) to base 3.
-111201121021
Convert -44970 (base 12) to base 3.
-11122011010
-103379 (base 10) to base 8
-311723
Convert -59a41 (base 13) to base 15.
-33a4b
-1564272 (base 13) to base 5
-3224120414
Convert -44aa1 (base 14) to base 6.
-3323541
Convert -da63 (base 14) to base 12.
-199b3
167176 (base 8) to base 10
61054
Convert 15a3 (base 15) to base 9.
6340
What is -56632224 (base 7) in base 15?
-676706
-2022210101122 (base 3) to base 11
-774644
What is -25122343 (base 7) in base 5?
-1034222204
-507401 (base 9) to base 13
-a6b19
-14401067 (base 8) to base 9
-6144628
What is 230002221 (base 4) in base 14?
49a53
Convert c47f (base 16) to base 3.
2120000002
What is 625234 (base 8) in base 14?
558a8
Convert -506732 (base 9) to base 11.
-195613
Convert 65b4 (base 15) to base 2.
101010000101000
-1616156 (base 7) to base 16
-36740
Convert 2200733 (base 12) to base 4.
120223300113
What is -1011001011101101110010 (base 2) in base 4?
-23023231302
What is 32331432 (base 5) in base 15?
57197
-424343 (base 7) to base 13
-27650
What is -17c00 (base 14) in base 15?
-12b86
2022200323 (base 4) to base 8
2124073
What is -1101010011110011100 (base 2) in base 8?
-1523634
Convert -110051535 (base 6) to base 10.
-1966451
Convert 11001010222110 (base 3) to base 8.
10143774
What is -2030252 (base 8) in base 13?
-15a402
What is -10111111111001011000111 (base 2) in base 14?
-b997dd
What is 11013203244 (base 5) in base 15?
109139e
1110001100110000110 (base 2) to base 15
92ce1
Convert 101010110111011010011 (base 2) to base 13.
3a2453
Convert 2300 (base 8) to base 14.
62c
230244 (base 7) to base 14
10ccb
What is -10d30d0 (base 14) in base 4?
-132222033232
What is -124034430 (base 6) in base 2?
-1001010001100000110010
Convert 440224 (base 7) to base 10.
76948
461407 (base 9) to base 8
1034216
What is -35203141 (base 6) in base 16?
-109f45
What is -12dab6 (base 15) in base 4?
-3131122221
What is -11221113 (base 4) in base 15?
-6cbc
121122232 (base 4) to base 3
12021210221
-2a76a (base 14) to base 10
-105738
What is 324056 (base 13) in base 11?
7364a0
Convert -1956a (base 16) to base 3.
-12021100221
What is 10002101221100 (base 3) in base 4?
12100302333
171088 (base 12) to base 3
202002221212
Convert 1451105 (base 7) to base 13.
6ba44
What is -10120121220 (base 3) in base 2?
-10001001100101000
2001231320 (base 4) to base 11
333209
What is 4451511 (base 6) in base 4?
312311203
Convert -21103210 (base 4) to base 9.
-57251
Convert -127124 (base 8) to base 3.
-2021012220
What is -a4b46 (base 13) in base 11?
-192698
What is 322012200 (base 4) in base 5?
30103414
2131020 (base 6) to base 4
121223310
What is -147184 (base 9) in base 13?
-322a8
Convert -1011011110100100100 (base 2) to base 8.
-1336444
What is 3647171 (base 8) in base 7?
11345401
Convert 10000012022 (base 3) to base 6.
1134012
What is 12330320030 (base 4) in base 14?
356108
10207474 (base 8) to base 4
20100330330
-25496b (base 13) to base 11
-562024
What is -11010201120 (base 3) in base 16?
-13e27
-307421 (base 9) to base 6
-3525201
94204 (base 10) to base 13
33b56
What is 2442020 (base 6) in base 3?
20121101110
What is -5a860a2 (base 11) in base 9?
-21835541
Convert -166b8 (base 13) to base 16.
-a79c
Convert 1003011221 (base 4) to base 10.
274793
3222210310 (base 4) to base 9
1723887
-13674223 (base 8) to base 16
-2f7893
Convert -14105 (base 16) to base 4.
-110010011
Convert b03127 (base 13) to base 11.
2344706
Convert -85392 (base 12) to base 6.
-3430302
-513505 (base 6) to base 5
-2303014
What is 5204131 (base 6) in base 5?
30443001
138244a (base 13) to base 4
113203121210
What is -266075 (base 8) in base 5?
-10440440
What is 1c72e2 (base 15) in base 2?
101010011101000111010
Convert -31131020231 (base 4) to base 13.
-966611
What is 3221104 (base 6) in base 7?
1226500
-144011234 (base 5) to base 10
-766444
-3517053 (base 10) to base 5
-1400021203
238046b (base 12) to base 5
3230310021
Convert 121109b (base 12) to base 2.
1101011000000000110111
What is 2100002011100 (base 3) in base 9?
2302140
-1031131232 (base 4) to base 8
-1153556
Convert -1784b94 (base 12) to base 7.
-56445301
-3a2918 (base 11) to base 5
-130231313
What is 3781c9 (base 14) in base 8?
7210105
What is -418f2 (base 16) in base 3?
-111122100120
-200111100102000 (base 3) to base 4
-211133211003
Convert -11122011222022 (base 3) to base 7.
-26641451
What is 4b6a2 (base 15) in base 2?
111010110111100111
Convert -59956 (base 12) to base 10.
-120594
35056114 (base 7) to base 3
12210010100201
Convert 22000001110 (base 3) to base 13.
568c8
Convert 10304245 (base 6) to base 3.
120110022202
What is 8072c (base 15) in base 6?
12414253
-94400 (base 14) to base 9
-604356
Convert -523211 (base 7) to base 16.
-15f74
What is -36e2ae (base 16) in base 7?
-42400543
Convert -23c85 (base 14) to base 2.
-10101010111101101
Convert -29035 (base 14) to base 5.
-11222300
1101